e
Is 31273033 a composite number?
True
Is 51412547 composite?
False
Is 9732113 composite?
True
Is 212958533 prime?
False
Is 917152729 a prime number?
False
Is 2325851 prime?
False
Is 36651161 a composite number?
False
Is 10848973 prime?
False
Is 466559 prime?
False
Is 13964695 a composite number?
True
Is 38392577 composite?
False
Is 37292711 a composite number?
True
Is 22063879 composite?
False
Is 9696139 a prime number?
True
Is 659891917 a composite number?
False
Is 2984671 composite?
False
Is 5736613 composite?
True
Is 540960107 a prime number?
False
Is 6513277 prime?
False
Is 3243179 prime?
False
Is 459755999 a composite number?
False
Is 292780013 a prime number?
False
Is 657991 a composite number?
True
Is 269851 a prime number?
True
Is 4777621 composite?
False
Is 13058597 a composite number?
False
Is 166823 prime?
True
Is 82597447 composite?
False
Is 6918253 a prime number?
True
Is 266811463 prime?
False
Is 6241331 a prime number?
True
Is 179519 a prime number?
True
Is 7533521 prime?
True
Is 57345973 prime?
False
Is 249548459 a composite number?
True
Is 78202633 prime?
True
Is 844541 a composite number?
True
Is 21180499 composite?
True
Is 43657321 a prime number?
False
Is 9569837 a composite number?
False
Is 122625011 prime?
True
Is 27519371 a composite number?
True
Is 3626849 a prime number?
False
Is 76504531 a prime number?
False
Is 1696551 composite?
True
Is 2110973 prime?
True
Is 2720789 a composite number?
False
Is 228314293 prime?
True
Is 34348826 prime?
False
Is 17153483 prime?
False
Is 200417 a prime number?
False
Is 39293651 a prime number?
True
Is 339403 composite?
True
Is 839009 a composite number?
False
Is 2172094 a composite number?
True
Is 105402989 a composite number?
True
Is 23733473 composite?
True
Is 58361647 a composite number?
False
Is 43293319 prime?
True
Is 98099653 a composite number?
False
Is 17635999 prime?
True
Is 3189099 composite?
True
Is 75117373 prime?
False
Is 128650289 a prime number?
True
Is 1783 a composite number?
False
Is 88250549 a prime number?
True
Is 489437279 composite?
False
Is 41702009 a prime number?
True
Is 1456703 a prime number?
True
Is 486492287 a composite number?
False
Is 54659089 a composite number?
True
Is 193353599 composite?
True
Is 187307 a composite number?
True
Is 9080637 a prime number?
False
Is 4765169 composite?
True
Is 16200959 composite?
False
Is 588319 a composite number?
True
Is 63316399 composite?
False
Is 13302359 composite?
True
Is 278640277 a composite number?
False
Is 138534797 a prime number?
True
Is 83428991 a prime number?
False
Is 87257623 a prime number?
False
Is 113883683 a composite number?
False
Is 2485109 composite?
True
Is 861079 composite?
False
Is 5799197 prime?
False
Is 838417 a composite number?
True
Is 2685929 a composite number?
False
Is 2485897 a composite number?
False
Is 237594605 a composite number?
True
Is 903430897 prime?
False
Is 53157427 a prime number?
True
Is 2408533 prime?
False
Is 591281 prime?
False
Is 5942591 a prime number?
False
Is 101114087 a prime number?
True
Is 1888723 a composite number?
False
Is 27628007 a prime number?
False
Is 79917839 a composite number?
False
Is 14964869 a composite number?
True
Is 10947137 a prime number?
True
Is 15725909 prime?
True
Is 22962637 a composite number?
False
Is 1371137 composite?
False
Is 18061163 prime?
True
Is 8739587 a composite number?
True
Is 7573183 a prime number?
False
Is 37460471 prime?
True
Is 455381 prime?
True
Is 122399399 a prime number?
False
Is 12998929 prime?
False
Is 11864453 a composite number?
True
Is 666493 prime?
True
Is 263351083 a prime number?
False
Is 5419166 composite?
True
Is 19338251 a prime number?
True
Is 101977691 prime?
True
Is 7186073 prime?
False
Is 141146623 a prime number?
True
Is 4832283 a composite number?
True
Is 207451429 a prime number?
False
Is 71442446 prime?
False
Is 27901697 a prime number?
False
Is 74221477 a composite number?
True
Is 18875267 a composite number?
False
Is 112252177 a prime number?
False
Is 27610619 prime?
True
Is 93921571 composite?
False
Is 224440633 composite?
False
Is 2205233 prime?
True
Is 10576087 a composite number?
True
Is 189710849 prime?
False
Is 4140447 composite?
True
Is 88572551 composite?
False
Is 7174667 composite?
True
Is 3853181 a prime number?
False
Is 115249 a composite number?
False
Is 1735 a composite number?
True
Is 140152169 prime?
True
Is 17037217 a prime number?
True
Is 10679491 a prime number?
False
Is 92148811 prime?
False
Is 3620231 composite?
False
Is 1967599 prime?
True
Is 1204813 a composite number?
False
Is 23002679 a composite number?
True
Is 100559 composite?
False
Is 12941623 prime?
True
Is 206372657 a composite number?
False
Is 69823181 prime?
False
Is 13570563 a prime number?
False
Is 3395747 a prime number?
True
Is 15495419 a prime number?
False
Is 58778029 composite?
True
Is 126429029 composite?
True
Is 862811 a composite number?
False
Is 1510406 composite?
True
Is 191243153 a composite number?
False
Is 29053811 composite?
False
Is 2044201 a prime number?
True
Is 282959 a prime number?
True
Is 3776543 a composite number?
False
Is 3634733 a composite number?
True
Is 777346 a composite number?
True
Is 51550007 a prime number?
True
Is 101835089 a prime number?
True
Is 29743741 a composite number?
True
Is 6389189 prime?
True
Is 2369914 a prime number?
False
Is 1120187 composite?
False
Is 29717329 a prime number?
True
Is 20300117 a prime number?
True
Is 44805689 composite?
True
Is 43994849 a prime number?
True
Is 179190199 composite?
True
Is 790781 a composite number?
False
Is 40645405 a prime number?
False
Is 8655503 prime?
False
Is 2421791 composite?
False
Is 216903013 a composite number?
False
Is 18633313 prime?
False
Is 36584791 prime?
True
Is 400409 a prime number?
True
Is 56272043 prime?
False
Is 6882511 prime?
False
Is 109658 a composite number?
True
Is 71979346 prime?
False
Is 3084127 prime?
True
Is 268807057 a prime number?
False
Is 14476861 composite?
True
Is 9364861 a prime number?
False
Is 65993402 composite?
True
Is 5659523 a composite number?
True
Is 41056823 prime?
False
Is 6505699 composite?
False
Is 77839 a composite number?
False
Is 6451423 prime?
False
Is 451022401 composite?
True
Is 489491 composite?
True
Is 54493013 a prime number?
False
Is 232723 prime?
False
Is 4580879 composite?
False
Is 29371 a prime number?
False
Is 6970217 a prime number?
False
Is 10647431 composite?
False
Is 69039059 prime?
True
Is 1613921 composite?
False
Is 12840383 a composite number?
False
Is 50236397 prime?
False
Is 146222959 a composite number?
True
Is 58848661 a prime number?
True
Is 3878591 a prime number?
False
Is 8090041 composite?
False
Is 11400146 composite?
True
Is 80240269 a composite number?
False
Is 44813203 a prime number?
True
Is 27272623 composite?
True
Is 213056731 prime?
True
Is 2701847 a prime number?
True
Is 35646367 prime?
True
Is 31782817 a prime number?
False
Is 27985631 prime?
True
Is 4027421 a composite number?
False
Is 11627383 composite?
False
Is 5859557 a composite number?
True
Is 3370523 composite?
True
Is 206382581 a composite number?
True
Is 480732251 prime?
True
Is 16291463 a prime number?
True
Is 685793 a composite number?
False
Is 4013863 a composite number?
True
Is 10813499 prime?
True
Is 16494067 prime?
True
Is 8553793 a prime number?
True
Is 6561299 a composite number?
True
Is 5598469 a composite number?
False
Is 7588687 a prime number?
True
Is 127523 a composite number?
True
Is 1578464015 a prime number?
False
Is 1216177 a composite number?
False
Is 8692759 a composite number?
False
Is 592904885 a composite number?
True
Is 7139551 a prime number?
False
Is 17514817 a prime number?
False
Is 38399921 a composite number?
True
Is 66026861 a composite number?
True
Is 14275367 composite?
True
Is 18837605 a composite number?
True
Is 94070589 prime?
False
Is 115427995 a composite number?
True
Is 61007563 composite?
False
Is 5437753 a prime number?
True
Is 126362389 composite?
True
Is 6843601 a prime number?
False
Is 20368955 a prime number?
False
Is 23334709 composite?
True
Is 8942007 a prime number?
False
Is 2874803 composite?
True
Is 29104585 composite?
True
Is 16708249 prime?
False
Is 21465757 composite?
True
Is 8740993 composite?
False
Is 140293 a prime number?
False
Is 2